.
-7
Let w(z) = -30*z - 2 + 24*z - z**3 - 53*z**2 + 46*z**2. What is w(-6)?
-2
Let p(b) = 11 - 3 + 3*b + 0 + 5. Calculate p(-6).
-5
Let f(d) = -4*d**2 - 3*d + 8. Let t = 16 - 11. Let l(y) = -3*y**2 - 4*y + 8. Let w(i) = t*l(i) - 4*f(i). Let v(o) = 7*o**2 + o. Let u be v(-1). Calculate w(u).
-4
Let u(n) = n**2 - 4*n - 5. Let x(y) = y**2 + 2*y. Let f be x(-5). Let v be (f/(-10))/((-6)/20). Let d be u(v). Let o(a) = -a**3 - a**2 + a - 7. Determine o(d).
-7
Let l = 3 + 1. Let z(g) be the second derivative of 0 - 1/2*g**2 - 43*g + 1/6*g**4 - 5/6*g**3. What is z(l)?
11
Let h(f) = -f**2 - 2*f + 1. Suppose -m + 3 = 2*c, m + 3*c + 8 = 2*m. Let u = -1 + m. Suppose 0 = -u*a - 8. What is h(a)?
1
Let y(d) = 45*d**3 - 9*d**2 - d - 7. Let r(x) = 68*x**3 - 13*x**2 - x - 10. Let f(p) = -5*r(p) + 7*y(p). Give f(1).
-24
Let c = 5 - 4. Let s(w) = -w - 4*w - c + w. Suppose -4*x - 2*o - 12 = 0, -2*x = -5*x - o - 7. Calculate s(x).
3
Let f(j) = 2*j**2 - 13*j + 8. Let p(b) = 2*b**2 + 62*b - 435. Let y be p(6). Determine f(y).
53
Let c(f) = -f + 9. Let l(j) = -j**3 + 8*j**2 - 7*j + 6. Let z be l(7). Let x be c(z). Let v(s) = -x*s + 4*s - s - 1 - s. What is v(-2)?
1
Let m(f) = -f**2 + 4*f - 91 + 37 + 45 + 2*f**2. Calculate m(-5).
-4
Suppose 0 = 2*o - 3*o + 11. Let s = 564 - 557. Let v(w) = w**2 + s + 0 + o*w - 5*w. What is v(-5)?
2
Let u(n) = -n**3 + 5*n**2 + n - 1. Let t be u(5). Suppose -2*b + 8 = t. Let j(w) = 2*w + 4*w**b - 1 + 0*w + w**2. Give j(1).
6
Let c be -1 - (1 + -5)/(-2). Let r be (-12)/30 - (-854)/10. Let a(n) = r*n + n**2 - 44*n - 38*n. What is a(c)?
0
Let n(t) = -t + 14. Let s = -43 + 33. Let a be 3*s/15*-4. Calculate n(a).
6
Suppose -2*r + r = -2*l + 7, 2*r + 4 = -l. Let t(o) = 12*o**l - 4*o + 9*o**2 - 16*o**2 + o**3 - 5. Suppose -22 + 7 = 3*s. Calculate t(s).
15
Suppose 47*m - 47 = 47. Let b(t) = t**2 - t. Calculate b(m).
2
Let c(m) = -2*m + 1. Let y(i) = -6*i + 4. Let x(w) = 9*c(w) - 2*y(w). What is x(-4)?
25
Let v = -46 - -46. Let k(a) be the first derivative of 2 + 1/4*a**4 + v*a + a**3 + 1/2*a**2. Determine k(-2).
2
Let v = 74 - 76. Let y(d) be the third derivative of -d**4/12 - d**3/3 + 4*d**2. What is y(v)?
2
Let a(b) = -212*b - 8. Let c be a(-3). Let f(g) = -3 - 634*g - 3*g**2 + c*g + g**3 + 4. Calculate f(4).
-7
Let d(x) be the second derivative of -x**5/20 - x**3/6 - x**2/2 - 77*x. Give d(2).
-11
Let q(f) = -f**2 + 4*f + 3. Let h be (1 - 2)/(-6 + 56/8). Calculate q(h).
-2
Let d(k) = -3*k**2 - 1. Let c(n) be the second derivative of n**4/12 - 11*n**3/6 + 9*n**2/2 + 37*n. Let h be c(10). Give d(h).
-4
Let v(d) = 18*d**2 - d + 5. Let z(h) = 13*h**2 - h + 3. Let i(u) = -5*v(u) + 7*z(u). What is i(0)?
-4
Suppose -4*w - 16 = -12*w. Let h(p) = -8 + 22 - w*p - 7. What is h(5)?
-3
Let d(v) = 10*v - 3. Let k(p) = 21*p + 65. Let u be k(-3). Give d(u).
17
Suppose -5*z = 27 - 2. Let u be (-7)/4*(z + 1). Suppose 0 = u*r - 3*r + 20. Let l(s) = -s**3 - 4*s**2 + 6*s + 5. Give l(r).
0
Suppose 5*n - 2*v - 1 = 0, 4*v + 13 - 19 = 18*n. Let l(o) = o. Let d(s) = 7*s - 1. Let f(b) = d(b) + l(b). Calculate f(n).
-9
Let l = -6 + 14. Suppose 0 = -g - l. Let q(a) = a + 5. Determine q(g).
-3
Let v = 2 + -13. Let s(k) = k**3 - 6*k**2 + 6*k + 4. Let a be s(5). Let d = a + v. Let n(w) = -w + 2. What is n(d)?
4
Let z be (-1 + 2/(-8))/((-45)/(-180)). Let p(b) be the second derivative of b**3/3 + 9*b**2/2 - b. Determine p(z).
-1
Suppose -11*k - 40 - 4 = 0. Let b be ((-3 - k) + -3)*-2. Let f(i) = i - 3. Determine f(b).
1
Let t(i) be the first derivative of i**5/120 + 7*i**4/24 - 7*i**3/3 + 5. Let m(z) be the third derivative of t(z). Calculate m(-6).
1
Let k = 39 - 37. Let z(y) = -3*y + 3*y - 2 - 2*y - 5*y - y**k. Give z(-6).
4
Let h(f) = 14*f**2 - 8. Let z be h(0). Let a(x) = -2*x**2 - 15*x + 8. Determine a(z).
0
Let v(u) = 2*u + 5. Let f(k) = k - 5. Let p(s) be the first derivative of -s**2/2 + 9*s - 3. Let t be p(0). Let j be f(t). Give v(j).
13
Let t(k) = -11. Let w(b) = b + 19. Let d(z) = 5*t(z) + 3*w(z). Calculate d(-10).
-28
Let y(k) be the second derivative of -1/2*k**2 + 0 + 1/6*k**4 + 17*k + 1/20*k**5 - 1/6*k**3. Calculate y(-1).
1
Let a = 11 + -10. Let r(k) = 7*k**2 - a - 10 - 6 + 0 + 17*k. Let n(x) = 4*x**2 + 9*x - 9. Let y(w) = 11*n(w) - 6*r(w). What is y(2)?
5
Let i = 5 + 1. Suppose 5*q = 2*w - i - 3, -5*w - 3*q + 38 = 0. Let p(r) = 5 + 2 - w*r - r**3 + 7*r**2 + 2*r - r. Give p(6).
7
Let o(j) = 37 + 2*j - 35 - 25*j**2 + 26*j**2. Determine o(-3).
5
Let f(k) = 3*k**3 - 4*k**2 + 8*k - 15. Let i(r) = -2*r**3 + 6*r**2 - 6*r + 15. Let n(d) = -3*f(d) - 4*i(d). What is n(-12)?
-15
Let o(m) be the first derivative of m**4/4 + 5*m**3/3 - 5*m**2 - 8*m - 410. Let n(g) = 5*g**3 - g**2 + g + 1. Let u be n(-1). Give o(u).
16
Let a(c) = c**3 + 3*c**2 + c. Let f be (-2 + -2)/(3/(18/12)). What is a(f)?
2
Let w(c) = 39*c - 20. Let y be w(7). Let i be (-1)/5 + 0 - y/(-115). Let r(j) = j**3 - 3*j**2 + j. What is r(i)?
-2
Let c(q) be the second derivative of -q**5/20 - q**4/3 - q**3/3 + 2*q**2 + 2*q. Let v be ((-12)/8)/(2/4). Calculate c(v).
1
Let u(p) = -12*p + 14. Let n be u(1). Let a(c) be the second derivative of 5/6*c**3 + 1/20*c**5 + 0 + c - 3/2*c**n - 1/4*c**4. Determine a(3).
12
Let y = -166 + 163. Suppose -9 = -4*j + 3*x + 9, 10 = -5*x. Let g be 1 + (-6 + j)/y. Let f(v) = v**3 + 1. Calculate f(g).
9
Let k(a) = -2*a**2 - 13*a + 3*a**2 + 19910 - 19893. What is k(9)?
-19
Suppose 27*y = 34*y - 14. Let c(g) be the first derivative of y*g**3 + 3*g - 4 - 1/4*g**4 + 4*g**2. Give c(7).
10
Let x(d) = -d - 2 + 0*d - 11*d**2 + 10*d + 3*d**2. Let v(g) = -g**3 - g**2 - 1. Let b(h) = -v(h) + x(h). Calculate b(6).
17
Let i be (6/10)/(12/60). Let v(w) = -4 + 8*w - w - w**3 - i - 8*w - 9*w**2. Determine v(-9).
2
Suppose -2*v = -4*f + 8, -2*v + 6*v + 27 = -3*f. Let j(p) = -2*p - 11. Give j(v).
1
Let h(t) = -2 - 11*t**2 + 25*t**2 - 12*t**2. Let z(x) = -x**3 - 4*x**2 + 4. Let w be z(-4). Suppose 4*a - 30 = -9*i + w*i, -5 = -5*i + a. What is h(i)?
6
Let s(q) be the first derivative of q**3 - 29*q**2/2 - 5*q + 57. Calculate s(10).
5
Let m(h) = -h**2 + 10*h - 4. Suppose -9*k = -7*k - 2. Let n(o) = 10*o**3 - 3*o**2 + o + 1. Let p be n(k). What is m(p)?
5
Let b(a) = -a - 1 - 4*a**2 - a**3 - 4*a + 2*a. Suppose -33 + 15 = 6*n. Let t be b(n). Let y(l) = 9*l**2 - 2*l - 1. Give y(t).
10
Suppose 0 = r - 4 - 1. Suppose -r*m + 15 + 0 = 0. Let f(h) = 2*h**2 - h**2 + m*h**2 + 10 - 6*h - 5*h**2. Calculate f(-8).
-6
Let h(l) = -21*l - 5*l - 22 + 43*l - 16*l + 2. Calculate h(10).
-10
Let g(a) = 41 - 4*a + a**3 - 42 + 7*a - 5*a**2. Let t(c) be the third derivative of c**6/120 - c**5/15 + 2*c**3/3 + 2*c**2. Let l be t(4). Give g(l).
-5
Suppose 31*t = -110 + 17. Let j(v) = -2*v**2 - 2*v - 1. Calculate j(t).
-13
Let s be (-1)/3 + 56/(-12). Let h(v) = v - 1. Let k(d) = -4*d + 5. Let f(p) = s*h(p) - k(p). Give f(-1).
1
Let l(p) = p + 20. Let a(o) = 1. Let r(z) = -4*a(z) + l(z). Let v be r(-10). Let h(g) = -1 - g**2 + v - 1 + 5*g. What is h(6)?
-2
Let d = -2 + 4. Let j(r) = -4*r**2 + 3*r - 1. Give j(d).
-11
Suppose -2*x - 8 = f - 16, -5*f + 28 = -2*x. Let k(i) = -6*i + 8. Let g(c) = -c + 1. Let t(n) = 4*g(n) - k(n). Determine t(f).
8
Let b(a) = -16*a**3 + 35*a**2 - 7*a + 7. Let o(l) = -7*l**3 + 16*l**2 - 3*l + 3. Let c(k) = 4*b(k) - 9*o(k). Give c(-1).
-1
Let v(b) = -8 + 19 - 12 - 4*b. Let q(k) = k**2 - 7*k - 7. Let a be q(8). Give v(a).
-5
Let z(x) = -9*x**2 + x - 1. Let d(s) = -s**2 + 2*s + 16. Let w be d(5). Give z(w).
-9
Suppose 4 = -3*j - 2. Let x(o) = 5*o**3 - o**2 - 4*o - 8. Let i(h) = -9*h**3 + h**2 + 7*h + 14. Let w(b) = -3*i(b) - 5*x(b). Calculate w(j).
-8
Let q(p) = 3*p**2 - 8*p - 2. Let s(n) = -8*n**2 + 17*n + 5. Let o(j) = -5*q(j) - 2*s(j). Let l be 2 + 1*26 + -1. Suppose -l = 5*c - 2. Determine o(c).
-5
Suppose 9*n - 10 = 7*n, 5*q - 10 = -5*n. Let x(a) = a**3 + 3*a**2 + 3*a + 1. Give x(q).
-8
Let i be -2 + 4 + 5 - 3. Let t(n) = n**2 - 5*n - 1. Calculate t(i).
-5
Let j(y) = 6*y - 101 + 91 + y**2 - y. Let z be j(-7). Let t(p) = -2*p + 3. What is t(z)?
-5
Suppose -2587 = j - 2578. Let u(y) = -2*y**2 - 17*y + 3. Calculate u(j).
-6
Let b(o) = 4*o**2 + o - 2. Let m be b(1). Let c be 2*m/((-24)/(-68)). Let t be c/(-4) - 24/32. Let s(i) = i**3 + 5*i**2 + i - 2. What is s(t)?
-7
Let s = -3068 + 3065. Let l(q) = 